digit of (5*(-24)/(-150))/((-4)/(-3460))?
6
Let x = 10 + -8. Let r = x - -3. What is the units digit of 297/45 - (-2)/r?
7
Let m(v) = v**2 + 8*v - 12. Let b be m(-9). Let r be 1*(b + 80 + 3). What is the tens digit of (-3)/((-18)/r)*3?
4
Suppose -z + 46 - 14 = 0. Let i(d) = -d**2 - 29*d + 10. Let h be i(-30). Let w = z + h. What is the tens digit of w?
1
Suppose 2*s + 4*w = 2082, 3*s + 3*w - 2684 = 445. What is the units digit of s?
5
Suppose 7*v - 850 = -115. What is the tens digit of v?
0
Let h(x) = 3*x - 10. Let j(v) = -v + 1. Let c(g) = -h(g) - 2*j(g). Let p be c(15). What is the units digit of 1 - p/((-7)/(-3))?
4
Suppose -513*a + 497*a = -2576. What is the hundreds digit of a?
1
Let w(h) = 3*h**2 + 7*h + 4. Let k be w(-6). Suppose k = 2*b - 30. What is the units digit of b?
0
Let h = 7 - 2. Suppose 0*c + 25 = h*c. Suppose -4*j = r + r + 6, c*r + 3*j = 13. What is the units digit of r?
5
Suppose 0 = -8*v + 3*v + 975. Suppose 0 = -6*r + r + v. What is the units digit of r?
9
Let o(v) = 9*v**2 + 18*v + 15. What is the hundreds digit of o(-9)?
5
Let m(t) = -t - 2 + 3*t**2 + 5*t - 2*t**2 - 14. What is the units digit of m(7)?
1
Suppose -14*c = -34*c + 13380. What is the hundreds digit of c?
6
Let r(j) = j**2 - 5*j + 7. Let z be r(4). Suppose 0 = z*x - 8*x - 5. What is the units digit of x*(16/(-4))/4?
1
Let v(t) = 83*t + 4. Let y(a) = a**3 + 21*a**2 + 20*a + 2. Let i be y(-20). What is the hundreds digit of v(i)?
1
Let q be (0/5)/((-2)/(-2)). Let l(z) = -z + 17. Let d be l(15). Suppose 0*w - 2*w + 56 = -d*u, q = w + u - 20. What is the units digit of w?
4
Suppose 2*v = o - 5, 3*o - 9 = v + 1. Let p(u) = o + 3*u - 9 + 0*u. What is the units digit of p(10)?
4
Suppose -27 = 8*t - 395. Suppose 6*g - t = 5*g. What is the tens digit of g?
4
Let b = 128 - 83. Let n = b - 15. Suppose 5*w - w = 3*u + 17, -5*w = 5*u - n. What is the units digit of u?
1
Suppose -10*u = -8*u - 4. Suppose z - 78 = -0*g - g, 5*g + u*z = 405. What is the tens digit of g?
8
Suppose -6*r - 92 + 8 = 0. Let g = 124 + r. What is the hundreds digit of g?
1
Let c be ((-2)/(-2) - -6)*(-4 + 17). Let m = -89 + c. What is the units digit of m?
2
Suppose -395 = -3*a - 2*b, -3*a = -8*a - 3*b + 660. What is the units digit of a?
5
Suppose -3*c - 201 = c + 3*v, -4*c - 205 = -v. What is the tens digit of 3 + (5 + -1 - c)?
5
What is the tens digit of 1/((-6 - -7)/419)?
1
Let c(u) be the first derivative of 2/3*u**3 - u**2 - u + 1. What is the tens digit of c(4)?
2
Suppose -2*w = -3*p + 56, 4*p - 5*w - 45 - 39 = 0. What is the tens digit of (-4)/p + (1551/12 - 3)?
2
Let o(j) = -7*j**3 + 5*j**2 + 8*j - 5. What is the tens digit of o(-3)?
0
Let x(q) = q + 6. Let a be x(-3). Let f be a/15 + 419/5. Suppose 0*g + f = 3*g. What is the tens digit of g?
2
Let n be (-54 - 1) + -2 + 0. Let m = n - -69. What is the units digit of m?
2
Let y = 62 + -106. Let l = 24 - -41. Let m = l + y. What is the tens digit of m?
2
Let j(g) = 6*g + 274. What is the hundreds digit of j(25)?
4
Let u(f) = -292*f + 89. What is the hundreds digit of u(-2)?
6
What is the tens digit of 26676/126 + 2/7?
1
What is the tens digit of (-11 - (-120)/10)*4499?
9
Let x = 231 - 103. Suppose -5*y + 0*k + 299 = -3*k, -4*k - x = -2*y. Suppose -5*v + 5*r = -50, -5*v + 6*r - 5*r + y = 0. What is the tens digit of v?
1
What is the tens digit of (1 + -44)*(-13)/((-91)/(-56))?
4
Let v = -18 + 102. What is the tens digit of v?
8
Let k = -12 - -13. Let f be k - 2/(-4)*10. What is the tens digit of (-4)/f + (-41)/(-3)?
1
Let c(o) = 4*o**2 + 5*o + 234. What is the tens digit of c(0)?
3
Let f(v) = 17*v - 1. Let r be f(1). Suppose -2*c - 8 + 18 = 0. Suppose r = c*z - 3*z. What is the units digit of z?
8
What is the tens digit of (-1967)/(-5) - (-21)/35?
9
What is the tens digit of 183 - 8 - (-56)/8?
8
Let i(l) = l**3 + 7*l**2 - 6*l - 5. Suppose -7*p + 2*p - 30 = 0. What is the units digit of i(p)?
7
Let g(v) = v**2 + 5*v + 3. Let l be g(-2). Let p = l - -4. What is the tens digit of p/(-3) + (-70)/(-3)?
2
Suppose 0 = -8*t + 26 + 6. Suppose -5*c + 5*l = -2*c - 23, t*l + 28 = 4*c. What is the units digit of c?
6
Let x = -116 - -163. Suppose 0 = 4*h + 3*w + x, 3*h + 2*w = 7*h + 62. Let l = 37 + h. What is the tens digit of l?
2
Let k = 172 + 76. Suppose -4*h + 0*n + 348 = n, -3*h + k = 4*n. What is the units digit of h?
8
Let t be -6*3/(-72) + 14/8. Suppose -8 = -t*f + 88. What is the tens digit of f?
4
Suppose 0 = 4*i + 3*d - 929, -4*i + 5*i - 221 = -3*d. What is the tens digit of i?
3
Let t(y) = -y**2 - y - 1. Let r(f) = 2*f**3 - 15*f**2 - 9*f + 14. Let w(d) = r(d) - 2*t(d). What is the tens digit of w(7)?
1
Let o(c) = -c**2 + 14*c - 4. Let r be o(13). What is the tens digit of (-36)/(-15)*r*5?
0
Let d(i) = 2*i**3 - i**2 - 3*i + 1. Let l = -1 + -1. Let n be 9*4/(-24)*l. What is the tens digit of d(n)?
3
Suppose 4*k - m = 11801, 4*m - 11342 = -3*k - 2496. What is the tens digit of k?
5
Let m(l) be the third derivative of -l**6/60 - l**5/60 + l**4/24 + 2*l**3/3 + 19*l**2. What is the tens digit of m(-4)?
1
Let c(a) = 2*a. Let p be c(-1). Let l be (52/(-1))/(p/2). Suppose 5*w = 3*w + l. What is the tens digit of w?
2
Let k(s) be the second derivative of -s**3/3 - 7*s**2 - 2*s. Let x be k(-6). What is the units digit of 30 + (x + 3)*-3?
7
Let r(l) = 17 - 3*l**2 - 2*l**2 - l**2 + 4*l**2 + 45*l. What is the tens digit of r(21)?
8
Suppose 281 = z - 39. Suppose 2*o - 70 = z. What is the tens digit of o?
9
Let n(h) = h - 1. Let a be n(4). Suppose -a*x - 44 = -5*z, 7*x = z + 3*x - 19. Let y = z - -25. What is the units digit of y?
2
Let f(m) = -m**3 + 4*m**2 - 2*m - 116. Let a(j) = -j**3 + 5*j**2 - 3*j - 115. Let r(o) = 3*a(o) - 4*f(o). What is the hundreds digit of r(0)?
1
Suppose 0*f - f - 100 = -2*i, 4*i + 5*f - 214 = 0. Suppose -i*q + 56*q = 285. What is the tens digit of q?
5
Let a = 2051 - 1841. What is the hundreds digit of a?
2
Suppose -h = -n - 6*h + 3102, n + 3*h - 3106 = 0. What is the thousands digit of n?
3
What is the tens digit of 4530 + (4/(-6))/((-52)/(-234))?
2
Let c(f) = 2*f**3 - 3*f**2 + 3*f - 3. Let k be c(2). Let t = k - -6. Let l = t + 19. What is the tens digit of l?
3
Let h(w) = w**3 + 16*w**2 - 25*w + 9. What is the hundreds digit of h(12)?
7
Let k(y) = 5*y + 20. Let b be k(-4). Suppose -12*i + 929 + 379 = b. What is the units digit of i?
9
Let q(x) = -7*x**3 + x**2 - 7*x - 16. What is the hundreds digit of q(-6)?
5
Suppose 4*f = -3*a + 647, 5*a + 3*f - 631 = 462. Let h = a - 90. What is the hundreds digit of h?
1
Let a(g) = -g**3 + 4*g**2 + g - 2. Let d be a(4). Suppose -1 - d = x, -i + 77 = x. What is the tens digit of i/12*24/5?
3
Let c(m) = 6*m - 3. Let a be c(5). Let o = a - -3. What is the tens digit of o?
3
Let m(x) = 148*x + 26. What is the tens digit of m(3)?
7
Let z = 690 + 283. What is the tens digit of z?
7
Let a = 30 - 15. What is the hundreds digit of (12/a)/((-3)/30)*-18?
1
Let j be (-1)/(((-1)/(-40))/((-6)/15)). Suppose 2845 = j*v - 291. What is the tens digit of v?
9
Let s be 4/(-12)*-12 + (-8)/2. Suppose j = -s*j + 2*c + 63, 256 = 4*j - 4*c. What is the tens digit of j?
6
What is the thousands digit of 8956/2 + -28 + 26?
4
Suppose -2*w - b = -733, b + 2*b + 753 = 2*w. Let k = 664 - w. What is the hundreds digit of k?
2
What is the units digit of (252/(-10))/((567/(-140))/27)?
8
Let d(w) = 3 - 4 + w - 1. Let m be d(6). What is the units digit of (5/(-4))/((-1)/m)?
5
Let w(d) = d**2 - d. Let v be w(2). Let t be v/(1/((-75)/(-2))). Suppose t = 4*b + b. What is the units digit of b?
5
Suppose 0 = -21*b + 13*b + 9000. What is the tens digit of b?
2
Suppose -w + 1191 = w - 3*o, 0 = -o + 1. Let p = w - 424. What is the tens digit of p?
7
Let z(j) = 39*j**3 - 7*j**2 + 6*j - 13. What is the units digit of z(3)?
5
What is the tens digit of (3400/(-70))/((-1)/35)?
0
Suppose 9*b - 4865 - 41620 = 0. What is the thousands digit of b?
5
Suppose v + 5 - 206 = 2*o, -583 = -3*v + 2*o. What is the hundreds digit of v?
1
Let m(l) = l - 10. Let r be m(6). Let j be (0 + r/(-8))*10. What is the tens digit of (j/(-1))/((-2)/10)?
2
Let p be (-2 + -2)/(-4)*3. Suppose -17 = -4*o + p. What is the tens digit of (-302)/(-8) - o/(-20)?
3
Suppose -4*x + 3200 = 5*j, 2*j + 2*x = -0*x + 1278. What is the tens digit of j?
4
Let l(v) = v**2 - 7*v